 factors of 10251?
3, 17, 67
List the prime factors of 553246.
2, 276623
What are the prime factors of 1054609?
1054609
List the prime factors of 8485719.
3, 11, 29, 8867
List the prime factors of 252394.
2, 97, 1301
What are the prime factors of 4928269?
113, 43613
List the prime factors of 143126.
2, 71563
What are the prime factors of 12547561?
13, 965197
What are the prime factors of 154840?
2, 5, 7, 79
What are the prime factors of 5334859?
5334859
List the prime factors of 166336.
2, 23, 113
List the prime factors of 2884194.
2, 3, 53411
What are the prime factors of 3129856?
2, 6113
List the prime factors of 7639611.
3, 7, 23, 15817
List the prime factors of 3415312.
2, 113, 1889
List the prime factors of 577461.
3, 23, 8369
What are the prime factors of 2075?
5, 83
List the prime factors of 5041477.
7, 720211
What are the prime factors of 9488034?
2, 3, 431, 1223
What are the prime factors of 240101?
240101
What are the prime factors of 2761386?
2, 3, 460231
What are the prime factors of 21645295?
5, 7, 618437
List the prime factors of 239390.
2, 5, 37, 647
What are the prime factors of 2540083?
7, 13, 103, 271
List the prime factors of 396475.
5, 15859
List the prime factors of 65031.
3, 53, 409
What are the prime factors of 1196812?
2, 433, 691
What are the prime factors of 2880998?
2, 1440499
What are the prime factors of 8621996?
2, 2155499
What are the prime factors of 610565?
5, 19, 6427
List the prime factors of 21521400.
2, 3, 5, 35869
What are the prime factors of 2299488?
2, 3, 17, 1409
List the prime factors of 3520234.
2, 1760117
List the prime factors of 3019532.
2, 23, 1427
List the prime factors of 10891518.
2, 3, 11, 59, 2797
List the prime factors of 3301920.
2, 3, 5, 2293
List the prime factors of 487198.
2, 19, 12821
List the prime factors of 684583.
503, 1361
What are the prime factors of 999035?
5, 199807
What are the prime factors of 3019280?
2, 5, 11, 47, 73
What are the prime factors of 55323?
3, 683
What are the prime factors of 13382298?
2, 3, 17, 101, 433
List the prime factors of 1606537.
1606537
What are the prime factors of 344337?
3, 7, 19, 863
List the prime factors of 423088.
2, 31, 853
List the prime factors of 117203.
117203
What are the prime factors of 547296?
2, 3, 5701
List the prime factors of 660187.
11, 60017
What are the prime factors of 250227?
3, 27803
What are the prime factors of 542291?
239, 2269
List the prime factors of 5148859.
5148859
What are the prime factors of 119214?
2, 3, 37, 179
What are the prime factors of 1460924?
2, 365231
What are the prime factors of 4298?
2, 7, 307
What are the prime factors of 111455?
5, 22291
List the prime factors of 11079574.
2, 11, 313, 1609
What are the prime factors of 14706017?
71, 207127
What are the prime factors of 6426305?
5, 67, 19183
List the prime factors of 406445.
5, 13, 37
What are the prime factors of 562843?
281, 2003
List the prime factors of 15011118.
2, 3, 409, 2039
What are the prime factors of 318763?
19, 883
What are the prime factors of 26382882?
2, 3, 4397147
List the prime factors of 6953697.
3, 17, 47, 967
What are the prime factors of 22110872?
2, 7, 394837
What are the prime factors of 3021413?
41, 73693
What are the prime factors of 596612?
2, 149153
What are the prime factors of 2456527?
353, 6959
List the prime factors of 562068.
2, 3, 13, 1201
List the prime factors of 24311893.
41, 592973
What are the prime factors of 24518325?
3, 5, 13, 25147
What are the prime factors of 957884?
2, 101, 2371
List the prime factors of 1871615.
5, 17, 97, 227
List the prime factors of 4376813.
7, 331, 1889
What are the prime factors of 286171?
286171
What are the prime factors of 4392948?
2, 3, 7, 31, 241
List the prime factors of 3417962.
2, 1708981
List the prime factors of 6993800.
2, 5, 11, 17
List the prime factors of 6755123.
23, 293701
What are the prime factors of 254842?
2, 7, 109, 167
What are the prime factors of 502671?
3, 13, 12889
List the prime factors of 29052854.
2, 107, 349, 389
What are the prime factors of 31953857?
13, 313, 7853
What are the prime factors of 6816922?
2, 7, 486923
What are the prime factors of 729618?
2, 3, 277, 439
List the prime factors of 379094.
2, 189547
What are the prime factors of 60277?
7, 79, 109
List the prime factors of 8990650.
2, 5, 179813
What are the prime factors of 2870480?
2, 5, 53, 677
List the prime factors of 6136257.
3, 191, 10709
What are the prime factors of 136042?
2, 251, 271
What are the prime factors of 227675?
5, 7, 1301
What are the prime factors of 243991?
11, 41, 541
What are the prime factors of 155498?
2, 7, 29, 383
List the prime factors of 14683227.
3, 13, 28961
What are the prime factors of 197377?
31, 6367
List the prime factors of 21009533.
21009533
List the prime factors of 196272.
2, 3, 29, 47
What are the prime factors of 237981?
3, 23, 3449
What are the prime factors of 3113285?
5, 7, 88951
List the prime factors of 707763.
3, 7, 33703
List the prime factors of 14289.
3, 11, 433
List the prime factors of 52249.
52249
What are the prime factors of 235675?
5, 11, 857
List the prime factors of 1829597.
7, 11, 23761
List the prime factors of 1149974.
2, 7, 82141
What are the prime factors of 520596?
2, 3, 14461
List the prime factors of 142075.
5, 5683
What are the prime factors of 1093181?
61, 17921
What are the prime factors of 743508?
2, 3, 19, 1087
List the prime factors of 5346548.
2, 1336637
What are the prime factors of 427164?
2, 3, 35597
List the prime factors of 4581500.
2, 5, 7, 11, 17
List the prime factors of 4745294.
2, 31, 76537
What are the prime factors of 471049?
41, 11489
List the prime factors of 5941496.
2, 11, 107, 631
What are the prime factors of 15277450?
2, 5, 61, 5009
What are the prime factors of 413630?
2, 5, 7, 19, 311
What are the prime factors of 205614?
2, 3, 11423
What are the prime factors of 751577?
47, 15991
List the prime factors of 2587052.
2, 13, 43, 89
List the prime factors of 129380.
2, 5, 6469
List the prime factors of 1858329.
3, 11, 6257
List the prime factors of 741656.
2, 92707
List the prime factors of 2162281.
11, 17, 31, 373
List the prime factors of 28984716.
2, 3, 89459
What are the prime factors of 194891?
194891
List the prime factors of 3485055.
3, 5, 7, 33191
List the prime factors of 519719.
67, 7757
List the prime factors of 2286492.
2, 3, 13, 14657
List the prime factors of 10063018.
2, 7, 503, 1429
List the prime factors of 1896377.
7, 139, 1949
What are the prime factors of 5091887?
5091887
What are the prime factors of 3325536?
2, 3, 1283
What are the prime factors of 915076?
2, 17, 13457
What are the prime factors of 2130388?
2, 13, 53, 773
What are the prime factors of 889348?
2, 222337
What are the prime factors of 243837?
3, 11, 821
What are the prime factors of 175992?
2, 3, 7333
What are the prime factors of 250339?
139, 1801
What are the prime factors of 1762613?
43, 179, 229
What are the prime factors of 7665181?
17, 450893
What are the prime factors of 20743085?
5, 11, 377147
List the prime factors of 10496101.
7, 11, 271, 503
What are the prime factors of 1831299?
3, 79, 7727
What are the prime factors of 68191?
19, 37, 97
What are the prime factors of 1263020?
2, 5, 11, 5741
What are the prime factors of 372486?
2, 3, 62081
What are the prime factors of 189416?
2, 23677
List the prime factors of 2872630.
2, 5, 83, 3461
List the prime factors of 1218875.
5, 7, 199
List the prime factors of 839198.
2, 419599
List the prime factors of 1372130.
2, 5, 43, 3191
What are the prime factors of 450937?
59, 7643
List the prime factors of 2766643.
11, 251513
What are the prime factors of 11014798?
2, 71, 77569
List the prime factors of 20385624.
2, 3, 7, 121343
List the prime factors of 7265831.
109, 191, 349
List the prime factors of 140824.
2, 29, 607
What are the prime factors of 176573?
176573
What are the prime factors of 2980358?
2, 1490179
List the prime factors of 915252.
2, 3, 13, 5867
List the prime factors of 5122.
2, 13, 197
List the prime factors of 25027.
29, 863
List the prime factors of 3415461.
3, 7, 162641
List the prime factors of 32480.
2, 5, 7, 29
What are the prime factors of 190968?
2, 3, 73, 109
What are the prime factors of 4898479?
4898479
What are the prime factors o